{"id":1166,"date":"2026-03-03T14:58:26","date_gmt":"2026-03-03T14:58:26","guid":{"rendered":"https:\/\/canisspecialis.de\/?page_id=1166"},"modified":"2026-04-07T15:54:39","modified_gmt":"2026-04-07T15:54:39","slug":"socialwalk-03-05-2026","status":"publish","type":"page","link":"https:\/\/canisspecialis.de\/index.php\/socialwalk-03-05-2026\/","title":{"rendered":"Socialwalk 03.05.2026"},"content":{"rendered":"\n<figure class=\"wp-block-image size-full is-resized\"><img loading=\"lazy\" decoding=\"async\" width=\"500\" height=\"500\" src=\"https:\/\/canisspecialis.de\/wp-content\/uploads\/2026\/03\/grafik-2.png\" alt=\"\" class=\"wp-image-1167\" style=\"width:286px;height:auto\" srcset=\"https:\/\/canisspecialis.de\/wp-content\/uploads\/2026\/03\/grafik-2.png 500w, https:\/\/canisspecialis.de\/wp-content\/uploads\/2026\/03\/grafik-2-300x300.png 300w, https:\/\/canisspecialis.de\/wp-content\/uploads\/2026\/03\/grafik-2-150x150.png 150w\" sizes=\"auto, (max-width: 500px) 100vw, 500px\" \/><\/figure>\n\n\n\n<p><\/p>\n\n\n\n<p>Gemeinsames Lernen in entspannter Atmosph\u00e4re<\/p>\n\n\n\n<p>Dieser kleine Walk bietet eine ruhige, strukturierte Trainingsform, die darauf abzielt, soziale Interaktion zwischen Hunden zu f\u00f6rdern, Leinenreaktivit\u00e4t zu reduzieren und Dich als Hundehalter im sicheren und fairen Umgang mit Deinem Hund zu schulen.<\/p>\n\n\n\n<p>Hier sind wie immer alle Rassen willkommen \u2013 ganz unabh\u00e4ngig davon, ob Dein Hund sozialvertr\u00e4glich ist oder noch Trainingsbedarf hat. Jeder Hund darf so sein, wie er ist.<\/p>\n\n\n\n<p>Diese angeleitete Trainingseinheit bietet Dir die M\u00f6glichkeit, gezielt an individuellen Herausforderungen zu arbeiten \u2013 ohne schiefe Blicke, ohne Leistungsdruck und ohne Stress. In einem gesch\u00fctzten Rahmen, in dem Fortschritt z\u00e4hlt und nicht Perfektion.<br>Denn das Ziel von Training sollte immer Entwicklung und Wachstum sein.<\/p>\n\n\n\n<p>Der Walk findet ausschlie\u00dflich an der F\u00fchrleine statt und in dem Abstand, den jedes Mensch-Hund-Team ben\u00f6tigt.<\/p>\n\n\n\n<p>Gegenseitige R\u00fccksichtnahme und respektvolles Miteinander setze ich selbstverst\u00e4ndlich voraus.<\/p>\n\n\n\n<p>Termin: 03.05.2024, 13:00 Uhr<br>Ort: Sophienh\u00f6he<br>Dauer: ca. 1\u20131,5 Stunden<br>Kosten: 30 \u20ac je Mensch-Hund Team<\/p>\n\n\n\n<p>Anmeldung:<br>E-Mail: canisspecialis@vodafone.de<\/p>\n\n\n\n<p>WhatsApp: +49 173 6273589<\/p>\n\n\n\n<p>Der genaue Treffpunkt wird nach der Anmeldung bekannt gegeben.<\/p>\n\n\n\n<p>Max. 10 Mensch-Hund-Teams<\/p>\n","protected":false},"excerpt":{"rendered":"<p>Gemeinsames Lernen in entspannter Atmosph\u00e4re Dieser kleine Walk bietet eine ruhige, strukturierte Trainingsform, die darauf abzielt, soziale Interaktion zwischen Hunden zu f\u00f6rdern, Leinenreaktivit\u00e4t zu reduzieren und Dich als Hundehalter im sicheren und fairen Umgang mit Deinem Hund zu schulen. Hier sind wie immer alle Rassen willkommen \u2013 ganz unabh\u00e4ngig davon, ob Dein Hund sozialvertr\u00e4glich ist&#8230;<\/p>\n","protected":false},"author":3,"featured_media":0,"parent":0,"menu_order":0,"comment_status":"closed","ping_status":"closed","template":"","meta":{"footnotes":""},"class_list":["post-1166","page","type-page","status-publish","hentry"],"_links":{"self":[{"href":"https:\/\/canisspecialis.de\/index.php\/wp-json\/wp\/v2\/pages\/1166","targetHints":{"allow":["GET"]}}],"collection":[{"href":"https:\/\/canisspecialis.de\/index.php\/wp-json\/wp\/v2\/pages"}],"about":[{"href":"https:\/\/canisspecialis.de\/index.php\/wp-json\/wp\/v2\/types\/page"}],"author":[{"embeddable":true,"href":"https:\/\/canisspecialis.de\/index.php\/wp-json\/wp\/v2\/users\/3"}],"replies":[{"embeddable":true,"href":"https:\/\/canisspecialis.de\/index.php\/wp-json\/wp\/v2\/comments?post=1166"}],"version-history":[{"count":2,"href":"https:\/\/canisspecialis.de\/index.php\/wp-json\/wp\/v2\/pages\/1166\/revisions"}],"predecessor-version":[{"id":1229,"href":"https:\/\/canisspecialis.de\/index.php\/wp-json\/wp\/v2\/pages\/1166\/revisions\/1229"}],"wp:attachment":[{"href":"https:\/\/canisspecialis.de\/index.php\/wp-json\/wp\/v2\/media?parent=1166"}],"curies":[{"name":"wp","href":"https:\/\/api.w.org\/{rel}","templated":true}]}}