{"id":760,"date":"2024-07-29T13:11:28","date_gmt":"2024-07-29T13:11:28","guid":{"rendered":"https:\/\/canisspecialis.de\/?page_id=760"},"modified":"2026-04-20T11:40:10","modified_gmt":"2026-04-20T11:40:10","slug":"mantrailing","status":"publish","type":"page","link":"https:\/\/canisspecialis.de\/index.php\/mantrailing\/","title":{"rendered":"Mantrailing"},"content":{"rendered":"<div class=\"wp-block-image\">\n<figure class=\"aligncenter size-large is-resized\"><img loading=\"lazy\" decoding=\"async\" width=\"700\" height=\"700\" src=\"https:\/\/canisspecialis.de\/wp-content\/uploads\/2024\/08\/Logo_Mantrailing-700x700.png\" alt=\"\" class=\"wp-image-771\" style=\"width:300px;height:auto\" srcset=\"https:\/\/canisspecialis.de\/wp-content\/uploads\/2024\/08\/Logo_Mantrailing-700x700.png 700w, https:\/\/canisspecialis.de\/wp-content\/uploads\/2024\/08\/Logo_Mantrailing-300x300.png 300w, https:\/\/canisspecialis.de\/wp-content\/uploads\/2024\/08\/Logo_Mantrailing-150x150.png 150w, https:\/\/canisspecialis.de\/wp-content\/uploads\/2024\/08\/Logo_Mantrailing-768x768.png 768w, https:\/\/canisspecialis.de\/wp-content\/uploads\/2024\/08\/Logo_Mantrailing-800x800.png 800w, https:\/\/canisspecialis.de\/wp-content\/uploads\/2024\/08\/Logo_Mantrailing.png 1080w\" sizes=\"auto, (max-width: 700px) 100vw, 700px\" \/><\/figure><\/div>\n\n\n<p>Mantrailing ist eine faszinierende Auslastungsform, bei der es darum geht, Menschen aufzusp\u00fcren. Anhand eines Geruchstr\u00e4gers einer bestimmten Person, verfolgt der Hund die ganz eigene Geruchsspur des Menschen. Wir Menschen haben alle einen ganz individuellen Geruch, den der Hund von allen anderen Ger\u00fcchen differenzieren kann. <\/p>\n\n\n\n<p>Mantrailing hat einen \u00e4u\u00dferst positiven Effekt auf die physische und psychische Gesundheit des Hundes und kann ganz nebenbei ganz viel f\u00fcr die Mensch-Hund-Beziehung tun. Beim Hund wird das Selbstvertrauen gest\u00e4rkt, beim Menschen seine F\u00fchrungsqualit\u00e4ten. <\/p>\n\n\n\n<p>Bei der Personensuche kann man ganz gezielt auf Angsthunde, unsichere Hunde oder auch reaktive Hunde eingehen und so an ihren Defiziten arbeiten.<\/p>\n\n\n\n<p>Im Training gibt es unendlich viele spannende M\u00f6glichkeiten, auch im Hobbybereich, das Training anspruchsvoll und effektiv zu gestalten, so dass viel Abwechslung gegeben ist und die gemeinsame Arbeit mit dem Hund und der Spa\u00df immer im Vordergrund stehen.<\/p>\n","protected":false},"excerpt":{"rendered":"<p>Mantrailing ist eine faszinierende Auslastungsform, bei der es darum geht, Menschen aufzusp\u00fcren. Anhand eines Geruchstr\u00e4gers einer bestimmten Person, verfolgt der Hund die ganz eigene Geruchsspur des Menschen. Wir Menschen haben alle einen ganz individuellen Geruch, den der Hund von allen anderen Ger\u00fcchen differenzieren kann. Mantrailing hat einen \u00e4u\u00dferst positiven Effekt auf die physische und psychische&#8230;<\/p>\n","protected":false},"author":3,"featured_media":0,"parent":0,"menu_order":0,"comment_status":"closed","ping_status":"closed","template":"","meta":{"footnotes":""},"class_list":["post-760","page","type-page","status-publish","hentry"],"_links":{"self":[{"href":"https:\/\/canisspecialis.de\/index.php\/wp-json\/wp\/v2\/pages\/760","targetHints":{"allow":["GET"]}}],"collection":[{"href":"https:\/\/canisspecialis.de\/index.php\/wp-json\/wp\/v2\/pages"}],"about":[{"href":"https:\/\/canisspecialis.de\/index.php\/wp-json\/wp\/v2\/types\/page"}],"author":[{"embeddable":true,"href":"https:\/\/canisspecialis.de\/index.php\/wp-json\/wp\/v2\/users\/3"}],"replies":[{"embeddable":true,"href":"https:\/\/canisspecialis.de\/index.php\/wp-json\/wp\/v2\/comments?post=760"}],"version-history":[{"count":6,"href":"https:\/\/canisspecialis.de\/index.php\/wp-json\/wp\/v2\/pages\/760\/revisions"}],"predecessor-version":[{"id":1247,"href":"https:\/\/canisspecialis.de\/index.php\/wp-json\/wp\/v2\/pages\/760\/revisions\/1247"}],"wp:attachment":[{"href":"https:\/\/canisspecialis.de\/index.php\/wp-json\/wp\/v2\/media?parent=760"}],"curies":[{"name":"wp","href":"https:\/\/api.w.org\/{rel}","templated":true}]}}